 of s and q.
5
Suppose 0 = r + 3*f + 4, -2*f - 8 = -5*r + 3*r. Suppose -2*q + 587 = r*q + 5*c, 2*q = 5*c + 271. What is the highest common factor of q and 13?
13
Let l(r) = -r**3 + 8*r**2 - 3*r + 4. Let h be l(7). What is the greatest common divisor of h and 4?
4
Let w(z) = -z + 1. Let q(r) = 2*r + 16. Let i(u) = q(u) + w(u). Let j be i(0). What is the highest common factor of j and 85?
17
Suppose -32 = -w - 4*r + 138, -555 = -3*w + 3*r. What is the highest common factor of 52 and w?
26
Let o(z) = z**3 - 17*z**2 + 22*z + 16. Let t be o(16). What is the greatest common divisor of 28 and t?
28
Let j be (-5)/2*(1 + (-4 - 7)). What is the highest common factor of 100 and j?
25
Let g(r) = r**3 + 6*r**2 + r - 10. Let j be g(-5). What is the highest common factor of j and 130?
10
Suppose -8 = -6*f - 2*f. Calculate the greatest common factor of f and 5.
1
Let v(j) = -j**2 + j + 6. Let w be v(0). Suppose -4*g = -5*g + 26. Let f be (8/2)/(-2) + g. Calculate the greatest common factor of w and f.
6
Suppose 6*a = 2*a + 120. Calculate the greatest common divisor of 60 and a.
30
Suppose -2*q + 16 = -2*j - 6*q, 0 = -3*j + 3*q + 12. Suppose j = 5*z + 83 - 503. Calculate the highest common factor of z and 14.
14
Suppose -40 = -g - y + 89, 3*y = -g + 123. Suppose g + 66 = 2*n. Let a be 12 + 0 - (3 + -2). What is the highest common factor of n and a?
11
Let f = -38 + 83. Suppose -5*n - 3 = 7. Let l be 20 + -2 + (n - -2). What is the greatest common divisor of f and l?
9
Let r = 4 + -3. Suppose 3*z - 49 + r = 0. Calculate the greatest common factor of z and 24.
8
Let z(m) = 2*m**2 - 5*m. Let k be z(4). Let s(y) = -y + y**3 - 4*y + 3*y - 8*y - 16 - 11*y**2. Let v be s(k). What is the greatest common divisor of v and 4?
4
Let h(m) be the second derivative of 1/3*m**3 + 0 - 5/2*m**2 - m. Let p be h(6). Calculate the greatest common divisor of 77 and p.
7
Let o = 29 + -11. Let q(h) = h + 27. Let m be q(0). Let k = -9 + m. What is the greatest common divisor of k and o?
18
Suppose b = -0*b + 43. Calculate the highest common divisor of 129 and b.
43
Let k = -22 - -46. What is the highest common factor of k and 132?
12
Suppose 0 = -4*r - 3*r + 14. Suppose 3*y + y - 361 = -3*s, 0 = -r*y + s + 183. Calculate the highest common divisor of 13 and y.
13
Suppose -110 = 3*t - 8*t. Suppose -3*b + 6 = -0*b + 3*z, -6 = -2*b - z. Suppose 0 = b*s + s - 110. Calculate the highest common factor of t and s.
22
Let h be 9/(-12) + 234/24. Calculate the greatest common factor of 1 and h.
1
Let r be ((-26)/65)/((-1)/60). What is the greatest common divisor of r and 60?
12
Suppose -3*a + 12 + 9 = 0. Suppose -t = -2*m + a - 22, 25 = 4*t - m. Calculate the highest common factor of t and 55.
5
Suppose 0 = -3*f + 156 + 12. Calculate the greatest common factor of 140 and f.
28
Let n = 2 - -3. Suppose 3*m - 9 = -0*m + 4*x, 15 = -n*x. Let w be ((-40)/8)/(m/2). What is the highest common factor of w and 10?
10
Let l be (-20)/(-6 - -1) + 35. Suppose -2*t + 38 = -14. Calculate the greatest common divisor of t and l.
13
Suppose 101 = 4*l + 25. Suppose 4*o - l = 9. Suppose -45 = -4*z + o. What is the greatest common divisor of 26 and z?
13
Suppose 0 = 2*u + 4 - 2, 4*i - 101 = 5*u. Calculate the highest common divisor of 18 and i.
6
Let n(x) = 4*x + 0*x + x. Let k be n(2). Let z = 13 + 7. Calculate the highest common factor of k and z.
10
Let i(k) = k**3 + 4*k**2 - 2*k - 3. Let a = 0 - -4. Suppose 2*j - a*j - 6 = 0. Let n be i(j). What is the highest common factor of 3 and n?
3
Suppose 2*u = -0*u + 132. What is the highest common divisor of 44 and u?
22
Let b = -1 - -4. Let v be 19/2 + b/(-6). Calculate the highest common divisor of 81 and v.
9
Let c be -2*17/(-8)*4. Let d = c + 29. Suppose -5*g + 4*r + d = -3*g, -3*r - 12 = 0. What is the highest common factor of g and 5?
5
Suppose -2*s = -4*o + 904, 2*o = -o - 3*s + 660. Calculate the greatest common factor of 28 and o.
28
Suppose 8*w - 16 = 4*w. Calculate the greatest common factor of 10 and w.
2
Let s = 19 - 12. Let r(f) = -f**2 + 7*f + 1. Let p be r(7). What is the greatest common factor of p and s?
1
Let v(b) = -4*b + 15*b - 11 + 7. Let o be v(3). Suppose 15 = 2*k - o. Calculate the highest common factor of k and 2.
2
Suppose 9 = 3*w - 6. Suppose -r + x - w*x + 8 = 0, -x - 2 = 0. Suppose -k + 20 + 12 = 0. Calculate the highest common divisor of k and r.
16
Suppose -2*d - 4*f = -6*d + 96, 5*f = 0. Let v(y) = 3*y**2 + 5*y + 2. Let p be v(-3). Let i = 30 - p. What is the highest common divisor of d and i?
8
Let r(n) = n**2 + 7*n + 4. Let v be r(-5). Let t(q) = -q - 4. Let h be t(v). What is the highest common divisor of 2 and h?
2
Let m(h) = h**2 - 3*h - 3. Let k be m(-2). Suppose -o = 2*q - 4, -4*o + 1 = 4*q - k. Calculate the highest common factor of 6 and q.
2
Suppose -3*m = -4*m + 3. What is the greatest common divisor of 24 and m?
3
Let o be (2 - 1) + -5 + 4. Suppose -2*p + v - 5*v = o, v = -2*p + 3. Suppose 0 = p*u - u - 20. Calculate the greatest common divisor of u and 30.
10
Suppose -27*z - 68 = -28*z. What is the greatest common divisor of 34 and z?
34
Suppose 3*w - 6 = -5*z, 3*z + w - 21 = 5*w. Suppose -2*o - 6*t = -2*t - 54, t = o - 18. What is the highest common divisor of z and o?
3
Suppose -2*d + 26 = -0*d. Let r = 21 - d. Let w(p) = -p**3 + 8*p**2 + 8*p + 8. Let t be w(r). Calculate the greatest common factor of t and 8.
8
Let k = 37 - 23. Let f be 6/k - (-1220)/28. What is the highest common divisor of f and 4?
4
Let f(n) = -n**3 + 11*n**2 + n + 7. Let p be f(8). What is the highest common divisor of 23 and p?
23
Let g(v) = 25*v**3 - 2*v**2 + 3*v - 2. Let q be g(1). What is the greatest common divisor of 36 and q?
12
Suppose 38*f + 300 = 41*f. Calculate the highest common factor of f and 40.
20
Suppose 6*u = 17 + 79. Calculate the highest common divisor of 8 and u.
8
Let t(w) = -3*w + 1. Let f be t(-3). Suppose -f = 5*y - 0*y. Let u be 5 + 9 - 0/y. Calculate the highest common factor of 35 and u.
7
Let a = -20 - -35. Calculate the greatest common divisor of 15 and a.
15
Let t(s) = -7*s + 40. Let n be t(-25). What is the greatest common divisor of 86 and n?
43
Let k(a) = -7*a - 1. Let l be 24/(-9) - 2/(-3). Let z be k(l). Calculate the greatest common divisor of 104 and z.
13
Let v = -21 + 33. Calculate the highest common factor of v and 8.
4
Let o = 74 + -2. Calculate the highest common factor of 24 and o.
24
Let g = -57 - -16. Let c = -25 - g. What is the highest common divisor of 16 and c?
16
Let z be (3/1)/(-3)*23. Let l = z - 66. Let g = -26 - l. Calculate the highest common factor of g and 7.
7
Suppose -2*s + 22 = 2*w, 5 = s + 5*w - w. Calculate the greatest common factor of s and 104.
13
Let i = 1075 - 1617. Let p be 2/3 - i/6. Let b be 13 - (2 - 2)/1. What is the greatest common factor of b and p?
13
Let c be (-2 - -23) + 8/(-8). What is the greatest common factor of 130 and c?
10
Suppose s = -4*m + 20, -2*m - 4 = -3*s - 0. Let f = 2 + 1. Suppose 2*g - g - f*p = 26, 3*g - 86 = 5*p. Calculate the highest common divisor of m and g.
4
Suppose 305 = -19*z + 818. What is the highest common divisor of 9 and z?
9
Suppose -2*f - 3*a = -168, -252 = f - 4*f - 5*a. Suppose 0*t + 6*t - 36 = 0. Let d be 154/13 + t/39. Calculate the highest common factor of f and d.
12
Suppose 4*p = -0*l + 4*l, -5*l = 0. Let g = 2 + p. Calculate the greatest common factor of 14 and g.
2
Suppose -5*z = -3*u + 12 + 15, -4*z + 45 = 5*u. Let k(g) = g + 8. Let j be k(-5). What is the highest common divisor of u and j?
3
Let p = -7 + 13. Let d(o) = 5*o - 8. Let z be d(p). Calculate the greatest common factor of 88 and z.
22
Let a be (120/16)/(1/2). Calculate the greatest common factor of a and 75.
15
Let m(g) = 2*g - 9. Let d be m(5). Calculate the greatest common divisor of 3 and d.
1
Suppose 0 = 2*u - 4*u + 8. Let q(j) = -j**2 - 5*j + 4. Let r = -5 + 2. Let m be q(r). Calculate the greatest common factor of u and m.
2
Suppose 0 = -5*a - 2*l + 30, -a - 37 = -4*a - 5*l. Suppose -n - a*n = -65. What is the highest common divisor of 117 and n?
13
Let y(h) be the third derivative of 0*h - 1/3*h**3 + 1/30*h**5 - h**2 + 1/12*h**4 + 0. Let f be y(-4). What is the greatest common divisor of f and 11?
11
Suppose 0*h - 3*h + 2*o = -128, -5*o - 60 = -h. Let c be 3 - 